9 - 40)/(w/28). Calculate the greatest common factor of 2 and d.
2
Let h be 1/(-6) - 86/(-12). Let i be (-873)/(-25) + (-104)/(-1300). Calculate the highest common divisor of i and h.
7
Suppose i = -3*i + 3*n + 70, -5*i = 5*n - 70. Suppose -31 = -5*x + 129. Calculate the greatest common factor of x and i.
16
Let l(j) = -j**2 - 11*j + 5. Let p be l(-7). Calculate the greatest common divisor of 165 and p.
33
Let f(l) be the second derivative of 0 - 7/3*l**3 + 2*l + 1/12*l**4 + 25/2*l**2. Let p be f(13). What is the highest common factor of 24 and p?
12
Suppose 17 = -5*j - 43. Let s = j - -21. Suppose 3*p - 648 = -5*p. What is the greatest common factor of s and p?
9
Let s = 30 - 15. Let y = -51 + 33. Let h(g) = -4*g - 12. Let a be h(y). What is the highest common factor of s and a?
15
Suppose z = 2*k + 163, 0 = -5*z + 4*z - 4*k + 133. Calculate the greatest common factor of 90 and z.
9
Let v = 981 - -1033. Let d be 2/3 + v/57. Calculate the greatest common factor of d and 18.
18
Let h be (-2*(-4)/(-40))/((-7)/630). Let t be ((-3)/2)/((-2)/168). Calculate the greatest common factor of h and t.
18
Let h = 424 + -373. Suppose 4*b = -b - 125. Let j = b - -42. What is the greatest common divisor of h and j?
17
Suppose 15*u + 10 = 145. Let c(b) = b**2 + 3*b - 7. Let m = 1 - 6. Let h be c(m). What is the greatest common factor of u and h?
3
Let w(l) = l**2 + 3. Let g be w(-4). Let q = 22 - g. Let d = 49 - 22. Calculate the highest common factor of d and q.
3
Let k = 28 + -28. Suppose -4*z - 3*s + 423 + 257 = k, -5*s + 680 = 4*z. What is the highest common factor of 34 and z?
34
Let f(z) = -5*z - 4 + 7 + 6 + 2. Let j be f(-9). Calculate the greatest common factor of j and 8.
8
Suppose -8*l + 156 = 5*l. Calculate the highest common divisor of l and 20.
4
Let d(u) = u**2 + 17*u - 24. Let i be d(6). What is the greatest common divisor of i and 24?
6
Suppose -248 = -14*x + 256. Calculate the highest common factor of x and 90.
18
Let n(p) = 18*p**2. Let s be n(-1). Suppose 0 = -4*c + 5*j + 14 - 39, c + 7 = 2*j. Let i = s - c. What is the highest common factor of i and 92?
23
Let j = 2953 - 2623. What is the greatest common factor of j and 240?
30
Let z = -346 - -538. Let j(m) = 4*m - 12. Let a be j(9). Calculate the greatest common divisor of z and a.
24
Let k = 248 + -246. Calculate the greatest common divisor of k and 172.
2
Suppose -10 = -2*m, -5*c + 145 = 27*m - 26*m. Calculate the highest common factor of c and 14.
14
Let l(x) = -8 - 6*x**2 - x**3 + 2*x**3 - 7*x - 3*x**2. Let n be l(10). Calculate the highest common factor of n and 55.
11
Suppose 4 + 8 = -n. Let x be (-669)/n + (-3)/(-12). What is the highest common divisor of 8 and x?
8
Suppose 7*l + s - 8 = 2*l, -4*s = -3*l + 14. Let t(k) = -k**3 + 12*k**2 + 14*k - 6. Let u be t(13). What is the greatest common factor of u and l?
1
Let f be (-2)/(8*(-2)/312). What is the greatest common factor of 104 and f?
13
Let f be (112/(16/(-4)))/(-2). Let h = -11 + f. Suppose 0 = -h*k + 1 + 14. Calculate the greatest common factor of 25 and k.
5
Let o(s) = s**2 + 3*s - 26. Let g be o(7). What is the greatest common divisor of 12 and g?
4
Suppose 9*y - 149 = 913. Suppose 3*c - y = -o, c = -0*o - o + 38. What is the greatest common factor of c and 50?
10
Suppose d = -4*w + 295, 4*d - 4*w = 650 + 630. Suppose 5*s = -4*i + 315, -3*i + d = -0*s + 5*s. Calculate the greatest common divisor of 42 and s.
21
Let x be -1*(4/(-1) + -1). Let p(l) = l**2 + 3*l - 4. Let w be p(-4). Suppose w = x*d - 5 - 35. Calculate the highest common factor of 32 and d.
8
Let l = 299 + -194. Suppose -2*g - c + l = 0, 2*g - 5*c - 65 = 58. What is the highest common factor of g and 9?
9
Suppose -v + 3*x - 17 = 0, -2*v - 2*v = 3*x - 7. Let o be (-42)/v - (-27)/9. What is the highest common factor of o and 60?
12
Let j = -70 + 124. Let t be -3 - -4*1*9/6. Suppose -3*k = l - 85, -2*k + 65 = 2*l + t. What is the highest common divisor of j and k?
27
Let z be (2/(-6))/(5/(-45)). Let x be z/(9/(6 + -3)). Calculate the greatest common divisor of x and 4.
1
Let x(q) = 2*q**3 + 16*q**2 - 23*q - 9. Let s be x(-9). Suppose -15 = -5*i, -2*a - 3*i = -s - 13. What is the greatest common divisor of 110 and a?
10
Suppose -2 = -2*t + 4*t, 3*u + 3*t - 81 = 0. Calculate the greatest common factor of 238 and u.
14
Let m be 7/(70/30)*286/1. Calculate the highest common divisor of 66 and m.
66
Let b be (20 + -23)/(-1 + 0). Let m be 18 + b/(-1) + -2. What is the greatest common factor of m and 52?
13
Let c(k) = -k**3 + 8*k**2 + 14*k + 63. Let r be c(7). Calculate the highest common factor of 315 and r.
105
Let c be (168/(-35))/(2/(-55)). Calculate the greatest common divisor of 96 and c.
12
Let k(x) = x + 16. Let s be k(-12). Suppose s = h - 4. Let w = 26 + h. Calculate the greatest common factor of w and 51.
17
Let v(k) = k**2 + 14*k + 164 - 198 + 8*k. Let f be v(-26). Calculate the highest common factor of 14 and f.
14
Suppose -111*h = -124*h + 117. What is the greatest common divisor of 9 and h?
9
Let n be (58 + -7)*13/3. Calculate the greatest common divisor of 13 and n.
13
Let b(n) = 4*n**2 - 25*n + 0*n**2 - n**2 - n**2 + 15. Let a be b(14). Calculate the highest common factor of 19 and a.
19
Let l = 200 + -158. Calculate the greatest common factor of 105 and l.
21
Suppose q - 4*p = 30, 0 = 2*p + 4. Let k = -155 + 80. Let l be (k/10)/((-6)/176). Calculate the greatest common factor of q and l.
22
Suppose -47 = -t - 3*t + z, -5*z - 1 = -2*t. Let w = 163 + -137. Calculate the highest common factor of w and t.
13
Let n = -746 - -1761. Calculate the highest common divisor of 70 and n.
35
Let z be 330 + (-1 + 0 - -2). Suppose -p + t = 6*t - 224, p = 5*t + 194. Suppose p + z = 3*l. Calculate the greatest common factor of l and 36.
36
Suppose 0 = x, 43 = 4*d + 3*x + 7. Let u = -276 - -285. Calculate the greatest common factor of d and u.
9
Let r(n) = 2*n - 14. Let v be r(11). Let m = -276 + 316. Calculate the highest common divisor of v and m.
8
Suppose -4*q + 3228 = 3*o, -4*q + 4236 = 4*o - 72. What is the greatest common factor of 40 and o?
40
Let a = -157 - -178. What is the highest common factor of 987 and a?
21
Suppose -23*h = -26*h + 84. What is the greatest common divisor of 364 and h?
28
Let y(k) = -k + 15. Let b be y(4). Suppose b*x - 76 = 10*x. What is the highest common divisor of x and 19?
19
Suppose 9 = 2*f - 4*c + 27, 0 = 2*f + c + 33. Let g = f + 23. Suppose -g*i + 7*i + 2 = 0. Calculate the highest common divisor of i and 2.
2
Let x(b) = 5*b**2 - 30*b - 14. Let a be x(7). What is the highest common divisor of a and 27?
3
Let j be (-16)/(-48)*(652 - -2). Calculate the greatest common factor of 6 and j.
2
Let t be 3/(-18) - (-1230)/36. What is the greatest common factor of t and 238?
34
Suppose -2*i - 2*i = -28. Let h be (-3)/(-6)*(2 + -10). Let w be -2 - (-8 - -3) - h. Calculate the greatest common divisor of w and i.
7
Let c(g) = -28*g - 191. Let j be c(-19). Calculate the greatest common factor of j and 31.
31
Let a = 42 - 41. Suppose 2*p + j - 7 = -3*p, -2*p - 3*j = -8. Calculate the greatest common divisor of p and a.
1
Suppose q - 48 = -3*q. What is the greatest common divisor of q and 9?
3
Let q be 24432/432 - (-4)/9. Calculate the greatest common factor of q and 6.
3
Let n(u) = u - 2. Suppose -3*w = -0*w - 6. Let s be n(w). Suppose x = -s*x + 80. What is the greatest common factor of x and 10?
10
Suppose 0 = -2*z - 4*r + 48, 2*z - 4*r = 41 - 1. What is the greatest common divisor of 594 and z?
22
Let i(d) = d + 3. Let o be i(-7). Let j = 10 + o. Let q = 16 + -7. What is the greatest common factor of j and q?
3
Suppose 5*g + 1695 = 3*s, -6*s - 2*g = -s - 2794. Calculate the highest common divisor of s and 48.
16
Suppose 0 = -2*f - h + 1 + 3, 3*f - 5 = -2*h. Suppose -4*c = f*n - 11, -3*c + 3 = c - 5*n. Suppose -v = -5 + c. What is the highest common divisor of 6 and v?
3
Let v(a) = -11*a + 16. Let x be v(10). Let l be 3/12 - x/8. Let b be (-2)/(-6) + 260/l. What is the greatest common factor of b and 22?
22
Let i(z) be the third derivative of z**6/120 + z**5/30 - z**4/8 - z**3/2 - 9*z**2. Let t be i(-2). What is the highest common factor of 24 and t?
3
Suppose 2*w + 3*n = 21 + 16, -3 = 3*n. Let v = 22 - 15. Suppose -4*r + 20 = 4*y, -3*r + 3*y